{"id":2212,"date":"2021-04-14T09:34:24","date_gmt":"2021-04-14T09:34:24","guid":{"rendered":"https:\/\/grabkarte.de\/ueber-uns-4\/"},"modified":"2021-07-24T15:39:20","modified_gmt":"2021-07-24T15:39:20","slug":"grabkarte","status":"publish","type":"page","link":"https:\/\/grabkarte.de\/staging\/grabkarte\/","title":{"rendered":"Grabkarte"},"content":{"rendered":"\n  \n    \n    <section class=\"u-clearfix u-section-2\" id=\"carousel_4418\">\n      <div class=\"u-clearfix u-sheet u-valign-middle-xs u-sheet-1\">\n        <div class=\"u-align-left u-border-7 u-border-palette-1-base u-container-style u-expanded-width-xs u-group u-group-1\">\n          <div class=\"u-container-layout u-valign-middle u-container-layout-1\">\n            <h5 class=\"u-custom-font u-font-lato u-text u-text-1\">GRABKARTE \u2013 MUSTER<\/h5>\n            <h2 class=\"u-custom-font u-font-lato u-text u-text-palette-1-base u-text-2\">Vorderseite<\/h2>\n            <p class=\"u-custom-font u-font-lato u-text u-text-3\">Im praktischen Checkkartenformat, aus Plastik mit&nbsp;<br>QR-Code und personalisierter Identit\u00e4tsnummer, l\u00e4sst sich die Grabkarte ideal in der Geldb\u00f6rse aufbewahren und bei sich tragen.\n            <\/p>\n            <a href=\"https:\/\/grabkarte.de\/staging\/produkt\/grabkarte\/\" class=\"u-btn u-button-style u-custom-font u-font-lato u-btn-1\">JETZT BESTELLEN<\/a>\n          <\/div>\n        <\/div>\n        <div class=\"u-align-left u-left-0 u-palette-1-base u-shape u-shape-1\"><\/div>\n        <img decoding=\"async\" src=\"https:\/\/grabkarte.de\/staging\/wp-content\/uploads\/2021\/06\/grabkarte-front-neu.jpeg\" class=\"u-align-left u-image u-image-contain u-image-1\" data-image-width=\"555\" data-image-height=\"347\">\n      <\/div>\n    <\/section>\n    <section class=\"u-align-right u-clearfix u-section-3\" id=\"carousel_619c\">\n      <div class=\"u-clearfix u-sheet u-valign-middle-xs u-sheet-1\">\n        <div class=\"u-align-left u-border-7 u-border-palette-1-base u-container-style u-expanded-width-xs u-group u-group-1\">\n          <div class=\"u-container-layout u-valign-middle u-container-layout-1\">\n            <h5 class=\"u-custom-font u-font-lato u-text u-text-1\">GRABKARTE \u2013 MUSTER<\/h5>\n            <h2 class=\"u-custom-font u-font-lato u-text u-text-palette-1-base u-text-2\">R\u00fcckseite<\/h2>\n            <p class=\"u-custom-font u-font-lato u-text u-text-3\">Gerade in der heutigen Zeit gibt es viele Probleme bei einer Beisetzung. Viele Menschen k\u00f6nnen nicht so agieren, wie sie es sich vorstellen.<br>Lassen Sie sich nicht zu Dingen zwingen, die Ihnen nicht dabei helfen, einen Verlust zu verarbeiten.<br>Mit unserer personalisierten Grabkarte haben Sie verschiedene M\u00f6glichkeiten.\n            <\/p>\n            <a href=\"https:\/\/grabkarte.de\/staging\/moeglichkeiten\/\" class=\"u-btn u-button-style u-custom-font u-font-lato u-btn-1\">M\u00f6glichkeiten anschauen<\/a>\n          <\/div>\n        <\/div>\n        <div class=\"u-align-left u-left-0 u-palette-1-base u-shape u-shape-1\"><\/div>\n        <img decoding=\"async\" src=\"https:\/\/grabkarte.de\/staging\/wp-content\/uploads\/2021\/06\/grabkarte-back-neu.jpeg\" class=\"u-align-left u-image u-image-contain u-image-1\" data-image-width=\"558\" data-image-height=\"350\">\n      <\/div>\n    <\/section>\n    <section class=\"u-align-center u-clearfix u-grey-90 u-section-4\" id=\"carousel_8e05\">\n      <div class=\"u-clearfix u-sheet u-valign-middle u-sheet-1\">\n        <h3 class=\"u-custom-font u-font-lato u-text u-text-palette-1-base u-text-1\">REFERENZEN<\/h3>\n        <h2 class=\"u-custom-font u-font-lato u-text u-text-2\">WAS KUNDEN \u00dcBER UNS SAGEN<\/h2>\n        <div class=\"u-border-3 u-border-palette-1-base u-line u-line-horizontal u-line-1\"><\/div>\n        <div class=\"u-clearfix u-disable-padding u-expanded-width u-gutter-20 u-layout-wrap u-layout-wrap-1\">\n          <div class=\"u-layout\">\n            <div class=\"u-layout-row\">\n              <div class=\"u-container-style u-layout-cell u-left-cell u-similar-fill u-size-20 u-size-20-md u-layout-cell-1\">\n                <div class=\"u-container-layout u-valign-top u-container-layout-1\">\n                  <div class=\"u-align-center u-border-2 u-border-grey u-container-style u-expanded-width u-group u-group-1\">\n                    <div class=\"u-container-layout u-valign-top u-container-layout-2\">\n                      <p class=\"u-align-center u-custom-font u-font-lato u-text u-text-3\">Wir haben uns beide f\u00fcr diese Art der Vorsorge entschieden, weil sowohl unsere W\u00fcnsche, als auch die unserer Kinder, auf diese Weise umgesetzt werden k\u00f6nnen.<\/p>\n                    <\/div>\n                  <\/div>\n                  <div alt=\"\" class=\"u-image u-image-circle u-image-1\" data-image-width=\"103\" data-image-height=\"103\"><\/div>\n                  <h3 class=\"u-align-center u-custom-font u-font-lato u-text u-text-4\">Eheleute Engels<\/h3>\n                  <h4 class=\"u-align-center u-custom-font u-font-lato u-text u-text-palette-1-base u-text-5\">Rottweil<\/h4>\n                <\/div>\n              <\/div>\n              <div class=\"u-container-style u-layout-cell u-size-20 u-size-20-md u-layout-cell-2\">\n                <div class=\"u-container-layout u-valign-top u-container-layout-3\">\n                  <div class=\"u-border-2 u-border-grey u-container-style u-expanded-width u-group u-group-2\">\n                    <div class=\"u-container-layout u-valign-top u-container-layout-4\">\n                      <p class=\"u-align-center u-custom-font u-font-lato u-text u-text-6\">Ein herzliches Dankesch\u00f6n f\u00fcr die nette unverbindliche Beratung. Sie haben mir Wege n\u00e4hergebracht, die ich bisher nicht kannte und die eine kosteng\u00fcnstige Alternative sind.<\/p>\n                    <\/div>\n                  <\/div>\n                  <div alt=\"\" class=\"u-image u-image-circle u-image-2\" data-image-width=\"93\" data-image-height=\"93\"><\/div>\n                  <h3 class=\"u-align-center u-custom-font u-font-lato u-text u-text-7\">Luise Oswald<\/h3>\n                  <h4 class=\"u-align-center u-custom-font u-font-lato u-text u-text-palette-1-base u-text-8\">Mettmann<\/h4>\n                <\/div>\n              <\/div>\n              <div class=\"u-align-center u-container-style u-layout-cell u-right-cell u-size-20 u-size-20-md u-layout-cell-3\">\n                <div class=\"u-container-layout u-valign-top u-container-layout-5\">\n                  <div class=\"u-border-2 u-border-grey u-container-style u-expanded-width u-group u-group-3\">\n                    <div class=\"u-container-layout u-valign-top u-container-layout-6\">\n                      <p class=\"u-align-center u-custom-font u-font-lato u-text u-text-9\">Ich \u00fcbe einen Beruf aus, bei dem es leider Gottes immer wieder zu Todesf\u00e4llen kommt. Mit der Grabkarte habe ich die ideale Vorsorge f\u00fcr mich getroffen.<\/p>\n                    <\/div>\n                  <\/div>\n                  <img decoding=\"async\" src=\"https:\/\/grabkarte.de\/staging\/wp-content\/uploads\/2021\/04\/2330280839f11746e2cec88600af8050.png\" alt=\"\" class=\"u-image u-image-default u-image-3\">\n                  <h3 class=\"u-custom-font u-font-lato u-text u-text-10\">Markus Schmidt<\/h3>\n                  <h4 class=\"u-custom-font u-font-lato u-text u-text-palette-1-base u-text-11\">D\u00fcren<\/h4>\n                <\/div>\n              <\/div>\n            <\/div>\n          <\/div>\n        <\/div>\n      <\/div>\n    <\/section>\n    \n    \n  \n","protected":false},"excerpt":{"rendered":"<p>GRABKARTE \u2013 MUSTER Vorderseite Im praktischen Checkkartenformat, aus Plastik mit&nbsp;QR-Code und personalisierter Identit\u00e4tsnummer, l\u00e4sst sich die Grabkarte ideal in der Geldb\u00f6rse aufbewahren und bei sich tragen. JETZT BESTELLEN GRABKARTE \u2013 MUSTER R\u00fcckseite Gerade in der heutigen Zeit gibt es viele Probleme bei einer Beisetzung. Viele Menschen k\u00f6nnen nicht so agieren, wie sie es sich vorstellen.Lassen &hellip; <a href=\"https:\/\/grabkarte.de\/staging\/grabkarte\/\" class=\"more-link\">Continue reading<span class=\"screen-reader-text\"> &#8220;Grabkarte&#8221;<\/span><\/a><\/p>\n","protected":false},"author":1,"featured_media":0,"parent":0,"menu_order":1,"comment_status":"closed","ping_status":"closed","template":"","meta":{"footnotes":""},"class_list":["post-2212","page","type-page","status-publish","hentry"],"_links":{"self":[{"href":"https:\/\/grabkarte.de\/staging\/wp-json\/wp\/v2\/pages\/2212"}],"collection":[{"href":"https:\/\/grabkarte.de\/staging\/wp-json\/wp\/v2\/pages"}],"about":[{"href":"https:\/\/grabkarte.de\/staging\/wp-json\/wp\/v2\/types\/page"}],"author":[{"embeddable":true,"href":"https:\/\/grabkarte.de\/staging\/wp-json\/wp\/v2\/users\/1"}],"replies":[{"embeddable":true,"href":"https:\/\/grabkarte.de\/staging\/wp-json\/wp\/v2\/comments?post=2212"}],"version-history":[{"count":7,"href":"https:\/\/grabkarte.de\/staging\/wp-json\/wp\/v2\/pages\/2212\/revisions"}],"predecessor-version":[{"id":2630,"href":"https:\/\/grabkarte.de\/staging\/wp-json\/wp\/v2\/pages\/2212\/revisions\/2630"}],"wp:attachment":[{"href":"https:\/\/grabkarte.de\/staging\/wp-json\/wp\/v2\/media?parent=2212"}],"curies":[{"name":"wp","href":"https:\/\/api.w.org\/{rel}","templated":true}]}}

<section class="u-clearfix u-section-2" id="carousel_4418">
      <div class="u-clearfix u-sheet u-valign-middle-xs u-sheet-1">
        <div class="u-align-left u-border-7 u-border-palette-1-base u-container-style u-expanded-width-xs u-group u-group-1">
          <div class="u-container-layout u-valign-middle u-container-layout-1">
            <h5 class="u-custom-font u-font-lato u-text u-text-1">GRABKARTE – MUSTER</h5>
            <h2 class="u-custom-font u-font-lato u-text u-text-palette-1-base u-text-2">Vorderseite</h2>
            <p class="u-custom-font u-font-lato u-text u-text-3">Im praktischen Checkkartenformat, aus Plastik mit&nbsp;<br>QR-Code und personalisierter Identitätsnummer, lässt sich die Grabkarte ideal in der Geldbörse aufbewahren und bei sich tragen.
            </p>
            <a href="https://grabkarte.de/staging/produkt/grabkarte/" class="u-btn u-button-style u-custom-font u-font-lato u-btn-1">JETZT BESTELLEN</a>
          </div>
        </div>
        <div class="u-align-left u-left-0 u-palette-1-base u-shape u-shape-1"></div>
        <img decoding="async" src="https://grabkarte.de/staging/wp-content/uploads/2021/06/grabkarte-front-neu.jpeg" class="u-align-left u-image u-image-contain u-image-1" data-image-width="555" data-image-height="347">
      </div>
    </section>
    <section class="u-align-right u-clearfix u-section-3" id="carousel_619c">
      <div class="u-clearfix u-sheet u-valign-middle-xs u-sheet-1">
        <div class="u-align-left u-border-7 u-border-palette-1-base u-container-style u-expanded-width-xs u-group u-group-1">
          <div class="u-container-layout u-valign-middle u-container-layout-1">
            <h5 class="u-custom-font u-font-lato u-text u-text-1">GRABKARTE – MUSTER</h5>
            <h2 class="u-custom-font u-font-lato u-text u-text-palette-1-base u-text-2">Rückseite</h2>
            <p class="u-custom-font u-font-lato u-text u-text-3">Gerade in der heutigen Zeit gibt es viele Probleme bei einer Beisetzung. Viele Menschen können nicht so agieren, wie sie es sich vorstellen.<br>Lassen Sie sich nicht zu Dingen zwingen, die Ihnen nicht dabei helfen, einen Verlust zu verarbeiten.<br>Mit unserer personalisierten Grabkarte haben Sie verschiedene Möglichkeiten.
            </p>
            <a href="https://grabkarte.de/staging/moeglichkeiten/" class="u-btn u-button-style u-custom-font u-font-lato u-btn-1">Möglichkeiten anschauen</a>
          </div>
        </div>
        <div class="u-align-left u-left-0 u-palette-1-base u-shape u-shape-1"></div>
        <img decoding="async" src="https://grabkarte.de/staging/wp-content/uploads/2021/06/grabkarte-back-neu.jpeg" class="u-align-left u-image u-image-contain u-image-1" data-image-width="558" data-image-height="350">
      </div>
    </section>
    <section class="u-align-center u-clearfix u-grey-90 u-section-4" id="carousel_8e05">
      <div class="u-clearfix u-sheet u-valign-middle u-sheet-1">
        <h3 class="u-custom-font u-font-lato u-text u-text-palette-1-base u-text-1">REFERENZEN</h3>
        <h2 class="u-custom-font u-font-lato u-text u-text-2">WAS KUNDEN ÜBER UNS SAGEN</h2>
        <div class="u-border-3 u-border-palette-1-base u-line u-line-horizontal u-line-1"></div>
        <div class="u-clearfix u-disable-padding u-expanded-width u-gutter-20 u-layout-wrap u-layout-wrap-1">
          <div class="u-layout">
            <div class="u-layout-row">
              <div class="u-container-style u-layout-cell u-left-cell u-similar-fill u-size-20 u-size-20-md u-layout-cell-1">
                <div class="u-container-layout u-valign-top u-container-layout-1">
                  <div class="u-align-center u-border-2 u-border-grey u-container-style u-expanded-width u-group u-group-1">
                    <div class="u-container-layout u-valign-top u-container-layout-2">
                      <p class="u-align-center u-custom-font u-font-lato u-text u-text-3">Wir haben uns beide für diese Art der Vorsorge entschieden, weil sowohl unsere Wünsche, als auch die unserer Kinder, auf diese Weise umgesetzt werden können.</p>
                    </div>
                  </div>
                  <div alt="" class="u-image u-image-circle u-image-1" data-image-width="103" data-image-height="103"></div>
                  <h3 class="u-align-center u-custom-font u-font-lato u-text u-text-4">Eheleute Engels</h3>
                  <h4 class="u-align-center u-custom-font u-font-lato u-text u-text-palette-1-base u-text-5">Rottweil</h4>
                </div>
              </div>
              <div class="u-container-style u-layout-cell u-size-20 u-size-20-md u-layout-cell-2">
                <div class="u-container-layout u-valign-top u-container-layout-3">
                  <div class="u-border-2 u-border-grey u-container-style u-expanded-width u-group u-group-2">
                    <div class="u-container-layout u-valign-top u-container-layout-4">
                      <p class="u-align-center u-custom-font u-font-lato u-text u-text-6">Ein herzliches Dankeschön für die nette unverbindliche Beratung. Sie haben mir Wege nähergebracht, die ich bisher nicht kannte und die eine kostengünstige Alternative sind.</p>
                    </div>
                  </div>
                  <div alt="" class="u-image u-image-circle u-image-2" data-image-width="93" data-image-height="93"></div>
                  <h3 class="u-align-center u-custom-font u-font-lato u-text u-text-7">Luise Oswald</h3>
                  <h4 class="u-align-center u-custom-font u-font-lato u-text u-text-palette-1-base u-text-8">Mettmann</h4>
                </div>
              </div>
              <div class="u-align-center u-container-style u-layout-cell u-right-cell u-size-20 u-size-20-md u-layout-cell-3">
                <div class="u-container-layout u-valign-top u-container-layout-5">
                  <div class="u-border-2 u-border-grey u-container-style u-expanded-width u-group u-group-3">
                    <div class="u-container-layout u-valign-top u-container-layout-6">
                      <p class="u-align-center u-custom-font u-font-lato u-text u-text-9">Ich übe einen Beruf aus, bei dem es leider Gottes immer wieder zu Todesfällen kommt. Mit der Grabkarte habe ich die ideale Vorsorge für mich getroffen.</p>
                    </div>
                  </div>
                  <img decoding="async" src="https://grabkarte.de/staging/wp-content/uploads/2021/04/2330280839f11746e2cec88600af8050.png" alt="" class="u-image u-image-default u-image-3">
                  <h3 class="u-custom-font u-font-lato u-text u-text-10">Markus Schmidt</h3>
                  <h4 class="u-custom-font u-font-lato u-text u-text-palette-1-base u-text-11">Düren</h4>
                </div>
              </div>
            </div>
          </div>
        </div>
      </div>
    </section>

<p>GRABKARTE – MUSTER Vorderseite Im praktischen Checkkartenformat, aus Plastik mit&nbsp;QR-Code und personalisierter Identitätsnummer, lässt sich die Grabkarte ideal in der Geldbörse aufbewahren und bei sich tragen. JETZT BESTELLEN GRABKARTE – MUSTER Rückseite Gerade in der heutigen Zeit gibt es viele Probleme bei einer Beisetzung. Viele Menschen können nicht so agieren, wie sie es sich vorstellen.Lassen &hellip; <a href="https://grabkarte.de/staging/grabkarte/" class="more-link">Continue reading<span class="screen-reader-text"> &#8220;Grabkarte&#8221;</span></a></p>
