{"id":2213,"date":"2021-04-14T09:34:25","date_gmt":"2021-04-14T09:34:25","guid":{"rendered":"https:\/\/grabkarte.de\/faq-4\/"},"modified":"2023-07-15T12:56:48","modified_gmt":"2023-07-15T12:56:48","slug":"faq","status":"publish","type":"page","link":"https:\/\/grabkarte.de\/staging\/faq\/","title":{"rendered":"FAQ"},"content":{"rendered":"\n  \n    \n    <section class=\"u-align-center u-clearfix u-grey-10 u-section-2\" id=\"carousel_224b\">\n      <div class=\"u-clearfix u-sheet u-sheet-1\">\n        <h2 class=\"u-custom-font u-font-lato u-text u-text-1\">faq<\/h2>\n        <div class=\"u-accordion u-expanded-width u-faq u-spacing-10 u-accordion-1\">\n          <div class=\"u-accordion-item\">\n            <a class=\"active u-accordion-link u-active-grey-5 u-border-1 u-border-active-palette-5-dark-2 u-border-hover-palette-5-dark-2 u-border-no-left u-border-no-right u-border-no-top u-border-palette-5-dark-2 u-button-style u-custom-font u-font-lato u-grey-5 u-text-body-color u-accordion-link-1\" id=\"link-accordion-6327\" aria-controls=\"accordion-6327\" aria-selected=\"true\">\n              <span class=\"u-accordion-link-text\"><b><i>Kann\nich die Totenasche nach Hause bekommen?<\/i><\/b>\n              <\/span><span class=\"u-accordion-link-icon u-icon u-icon-circle u-text-palette-1-base u-icon-1\"><svg class=\"u-svg-link\" preserveAspectRatio=\"xMidYMin slice\" viewBox=\"0 0 16 16\" style=\"\"><use xlink:href=\"#svg-2c6d\"><\/use><\/svg><svg class=\"u-svg-content\" viewBox=\"0 0 16 16\" x=\"0px\" y=\"0px\" id=\"svg-2c6d\" style=\"\"><path d=\"M8,10.7L1.6,5.3c-0.4-0.4-1-0.4-1.3,0c-0.4,0.4-0.4,0.9,0,1.3l7.2,6.1c0.1,0.1,0.4,0.2,0.6,0.2s0.4-0.1,0.6-0.2l7.1-6\n\tc0.4-0.4,0.4-0.9,0-1.3c-0.4-0.4-1-0.4-1.3,0L8,10.7z\"><\/path><\/svg><\/span>\n            <\/a>\n            <div class=\"u-accordion-active u-accordion-pane u-container-style u-expanded-width u-accordion-pane-1\" id=\"accordion-6327\" aria-labelledby=\"link-accordion-6327\">\n              <div class=\"u-container-layout u-container-layout-1\">\n                <div class=\"fr-view u-clearfix u-rich-text u-text u-text-2\">\n                  <p>\n                    <span style=\"line-height: 1.2;\">\n                      <span class=\"u-custom-font u-font-lato\">Mit dem Kauf eines Grabplatzes haben Sie die &nbsp;M\u00f6glichkeit<\/span> die Asche nach Hause zu bekommen.\n                    <\/span>\n                    <br>\n                    <span style=\"line-height: 1.2;\">\n                      <span class=\"u-custom-font u-font-lato\">Hinweis: In Deutschland begeht man damit eine Ordnungswidrigkeit!<\/span>\n                    <\/span>\n                    <br>\n                    <span style=\"line-height: 1.2;\">\n                      <span class=\"u-custom-font u-font-lato\">Mehr Informationen zu diesem Thema finden sie auf dieser Seite:&nbsp;<\/span>\n                    <\/span>\n                    <a class=\"u-active-none u-border-none u-btn u-button-style u-hover-none u-none u-text-palette-1-base u-btn-1\" href=\"https:\/\/weg4u.de\/\" rel=\"noopener noreferrer\" target=\"_blank\">\n                      <span style=\"line-height: 1.2;\">\n                        <span class=\"u-custom-font u-font-lato\">weg4u.de<\/span>\n                      <\/span>\n                    <\/a>\n                  <\/p>\n                <\/div>\n              <\/div>\n            <\/div>\n          <\/div>\n          <div class=\"u-accordion-item\">\n            <a class=\"u-accordion-link u-active-grey-5 u-border-1 u-border-active-palette-5-dark-2 u-border-hover-palette-5-dark-2 u-border-no-left u-border-no-right u-border-no-top u-border-palette-5-dark-2 u-button-style u-custom-font u-font-lato u-grey-5 u-text-body-color u-accordion-link-2\" id=\"link-accordion-4aab\" aria-controls=\"accordion-4aab\" aria-selected=\"false\">\n              <span class=\"u-accordion-link-text\"><b><i>Was\nkann ich mit der Grabkarte tun?<\/i><\/b>\n              <\/span><span class=\"u-accordion-link-icon u-icon u-icon-circle u-text-palette-1-base u-icon-2\"><svg class=\"u-svg-link\" preserveAspectRatio=\"xMidYMin slice\" viewBox=\"0 0 16 16\" style=\"\"><use xlink:href=\"#svg-937a\"><\/use><\/svg><svg class=\"u-svg-content\" viewBox=\"0 0 16 16\" x=\"0px\" y=\"0px\" id=\"svg-937a\" style=\"\"><path d=\"M8,10.7L1.6,5.3c-0.4-0.4-1-0.4-1.3,0c-0.4,0.4-0.4,0.9,0,1.3l7.2,6.1c0.1,0.1,0.4,0.2,0.6,0.2s0.4-0.1,0.6-0.2l7.1-6\n\tc0.4-0.4,0.4-0.9,0-1.3c-0.4-0.4-1-0.4-1.3,0L8,10.7z\"><\/path><\/svg><\/span>\n            <\/a>\n            <div class=\"u-accordion-pane u-container-style u-expanded-width u-accordion-pane-2\" id=\"accordion-4aab\" aria-labelledby=\"link-accordion-4aab\">\n              <div class=\"u-container-layout u-container-layout-2\">\n                <div class=\"fr-view u-clearfix u-rich-text u-text\">\n                  <p>\n                    <span class=\"u-custom-font u-font-lato\">Die Grabkarte bietet Ihnen zudem die M\u00f6glichkeit eine Totenasche zu sehr g\u00fcnstigen Konditionen anonym beisetzen zu lassen, falls das Thema \"Urne zu Hause\" f\u00fcr Sie nicht in Frage kommt und nur nach einer preiswerten Beisetzungsart gesucht wird.<\/span>\n                  <\/p>\n                <\/div>\n              <\/div>\n            <\/div>\n          <\/div>\n          <div class=\"u-accordion-item\">\n            <a class=\"u-accordion-link u-active-grey-5 u-border-1 u-border-active-palette-5-dark-2 u-border-hover-palette-5-dark-2 u-border-no-left u-border-no-right u-border-no-top u-border-palette-5-dark-2 u-button-style u-custom-font u-font-lato u-grey-5 u-text-body-color u-accordion-link-3\" id=\"link-accordion-eb1f\" aria-controls=\"accordion-eb1f\" aria-selected=\"false\">\n              <span class=\"u-accordion-link-text\"><b><i>Welche\nArten der Beisetzung gibt es?<\/i><\/b>\n              <\/span><span class=\"u-accordion-link-icon u-icon u-icon-circle u-text-palette-1-base u-icon-3\"><svg class=\"u-svg-link\" preserveAspectRatio=\"xMidYMin slice\" viewBox=\"0 0 16 16\" style=\"\"><use xlink:href=\"#svg-4086\"><\/use><\/svg><svg class=\"u-svg-content\" viewBox=\"0 0 16 16\" x=\"0px\" y=\"0px\" id=\"svg-4086\" style=\"\"><path d=\"M8,10.7L1.6,5.3c-0.4-0.4-1-0.4-1.3,0c-0.4,0.4-0.4,0.9,0,1.3l7.2,6.1c0.1,0.1,0.4,0.2,0.6,0.2s0.4-0.1,0.6-0.2l7.1-6\n\tc0.4-0.4,0.4-0.9,0-1.3c-0.4-0.4-1-0.4-1.3,0L8,10.7z\"><\/path><\/svg><\/span>\n            <\/a>\n            <div class=\"u-accordion-pane u-container-style u-expanded-width u-accordion-pane-3\" id=\"accordion-eb1f\" aria-labelledby=\"link-accordion-eb1f\">\n              <div class=\"u-container-layout u-container-layout-3\">\n                <div class=\"fr-view u-clearfix u-rich-text u-text\">\n                  <p>\n                    <span class=\"u-custom-font u-font-lato\">Hier stehen Ihnen 4 M\u00f6glichkeiten zur Verf\u00fcgung.<br>Verstreuung  \u2013  Beisetzung einer Bio-Aschekapsel  \u2013  Seebestattung  \u2013  Flussbestattung\n                    <\/span>\n                  <\/p>\n                <\/div>\n              <\/div>\n            <\/div>\n          <\/div>\n          <div class=\"u-accordion-item u-expanded-width\">\n            <a class=\"u-accordion-link u-active-grey-5 u-border-1 u-border-active-palette-5-dark-2 u-border-hover-palette-5-dark-2 u-border-no-left u-border-no-right u-border-no-top u-border-palette-5-dark-2 u-button-style u-custom-font u-font-lato u-grey-5 u-text-body-color u-accordion-link-4\" id=\"link-accordion-eb1f\" aria-controls=\"accordion-eb1f\" aria-selected=\"false\">\n              <span class=\"u-accordion-link-text\"><b><i>Wie\nfunktioniert das mit der Grabkarte?<\/i><\/b>\n              <\/span><span class=\"u-accordion-link-icon u-icon u-icon-circle u-text-palette-1-base u-icon-4\"><svg class=\"u-svg-link\" preserveAspectRatio=\"xMidYMin slice\" viewBox=\"0 0 16 16\" style=\"\"><use xlink:href=\"#svg-df61\"><\/use><\/svg><svg class=\"u-svg-content\" viewBox=\"0 0 16 16\" x=\"0px\" y=\"0px\" id=\"svg-df61\" style=\"\"><path d=\"M8,10.7L1.6,5.3c-0.4-0.4-1-0.4-1.3,0c-0.4,0.4-0.4,0.9,0,1.3l7.2,6.1c0.1,0.1,0.4,0.2,0.6,0.2s0.4-0.1,0.6-0.2l7.1-6\n\tc0.4-0.4,0.4-0.9,0-1.3c-0.4-0.4-1-0.4-1.3,0L8,10.7z\"><\/path><\/svg><\/span>\n            <\/a>\n            <div class=\"u-accordion-pane u-container-style u-expanded-width u-accordion-pane-4\" id=\"accordion-eb1f\" aria-labelledby=\"link-accordion-eb1f\">\n              <div class=\"u-container-layout u-container-layout-4\">\n                <div class=\"fr-view u-clearfix u-rich-text u-text\">\n                  <p>\n                    <span class=\"u-custom-font u-font-lato\">Es gibt 2 M\u00f6glichkeiten:<br>1. Sie k\u00f6nnen die Grabkarte zum aktuellen Preis bei einem eingetretenen Sterbefall kaufen.<br>2. Sie k\u00f6nnen die Grabkarte zur Vorsorge kaufen.\n                    <\/span>\n                  <\/p>\n                <\/div>\n              <\/div>\n            <\/div>\n          <\/div>\n          <div class=\"u-accordion-item\">\n            <a class=\"u-accordion-link u-active-grey-5 u-border-1 u-border-active-palette-5-dark-2 u-border-hover-palette-5-dark-2 u-border-no-left u-border-no-right u-border-no-top u-border-palette-5-dark-2 u-button-style u-custom-font u-font-lato u-grey-5 u-text-body-color u-accordion-link-5\" id=\"link-accordion-d6d6\" aria-controls=\"accordion-d6d6\" aria-selected=\"false\">\n              <span class=\"u-accordion-link-text\"><b><i>F\u00fcr wen kann ich eine Grabkarte kaufen?<\/i><\/b>\n              <\/span><span class=\"u-accordion-link-icon u-icon u-icon-circle u-text-palette-1-base u-icon-5\"><svg class=\"u-svg-link\" preserveAspectRatio=\"xMidYMin slice\" viewBox=\"0 0 16 16\" style=\"\"><use xlink:href=\"#svg-b900\"><\/use><\/svg><svg class=\"u-svg-content\" viewBox=\"0 0 16 16\" x=\"0px\" y=\"0px\" id=\"svg-b900\"><path d=\"M8,10.7L1.6,5.3c-0.4-0.4-1-0.4-1.3,0c-0.4,0.4-0.4,0.9,0,1.3l7.2,6.1c0.1,0.1,0.4,0.2,0.6,0.2s0.4-0.1,0.6-0.2l7.1-6\n\tc0.4-0.4,0.4-0.9,0-1.3c-0.4-0.4-1-0.4-1.3,0L8,10.7z\"><\/path><\/svg><\/span>\n            <\/a>\n            <div class=\"u-accordion-pane u-container-style u-expanded-width u-accordion-pane-5\" id=\"accordion-d6d6\" aria-labelledby=\"link-accordion-d6d6\">\n              <div class=\"u-container-layout u-container-layout-5\">\n                <div class=\"fr-view u-clearfix u-rich-text u-text\">\n                  <p>\n                    <span class=\"u-custom-font u-font-lato\">Eigentlich f\u00fcr jede Person bei der man selbst denkt, dass eine Feuerbestattung in Frage kommt, bzw. mit welcher dieser Weg abgesprochen und geplant ist.<\/span>\n                  <\/p>\n                <\/div>\n              <\/div>\n            <\/div>\n          <\/div>\n          <div class=\"u-accordion-item\">\n            <a class=\"u-accordion-link u-active-grey-5 u-border-1 u-border-active-palette-5-dark-2 u-border-hover-palette-5-dark-2 u-border-no-left u-border-no-right u-border-no-top u-border-palette-5-dark-2 u-button-style u-custom-font u-font-lato u-grey-5 u-text-body-color u-accordion-link-6\" id=\"link-accordion-46e6\" aria-controls=\"accordion-46e6\" aria-selected=\"false\">\n              <span class=\"u-accordion-link-text\"><b><i>Was\nist eine personalisierte Grabkarte?<\/i><\/b>\n              <\/span><span class=\"u-accordion-link-icon u-icon u-icon-circle u-text-palette-1-base u-icon-6\"><svg class=\"u-svg-link\" preserveAspectRatio=\"xMidYMin slice\" viewBox=\"0 0 16 16\" style=\"\"><use xlink:href=\"#svg-b800\"><\/use><\/svg><svg class=\"u-svg-content\" viewBox=\"0 0 16 16\" x=\"0px\" y=\"0px\" id=\"svg-b800\"><path d=\"M8,10.7L1.6,5.3c-0.4-0.4-1-0.4-1.3,0c-0.4,0.4-0.4,0.9,0,1.3l7.2,6.1c0.1,0.1,0.4,0.2,0.6,0.2s0.4-0.1,0.6-0.2l7.1-6\n\tc0.4-0.4,0.4-0.9,0-1.3c-0.4-0.4-1-0.4-1.3,0L8,10.7z\"><\/path><\/svg><\/span>\n            <\/a>\n            <div class=\"u-accordion-pane u-container-style u-expanded-width u-accordion-pane-6\" id=\"accordion-46e6\" aria-labelledby=\"link-accordion-46e6\">\n              <div class=\"u-container-layout u-container-layout-6\">\n                <div class=\"fr-view u-clearfix u-rich-text u-text\">\n                  <p>\n                    <span style=\"line-height: 1.2;\">\n                      <span class=\"u-custom-font u-font-lato\">Bei dem Kauf der Grabkarte muss angegeben sein, f\u00fcr wen diese ausgestellt wird.<br>Somit erhalten Sie eine Grabkarte mit einer Nummer, die z. B. so aussehen k\u00f6nnte: 100.788.973\n                      <\/span>\n                    <\/span>\n                  <\/p>\n                  <p>\n                    <span style=\"line-height: 1.2;\">\n                      <span class=\"u-custom-font u-font-lato\">Dieser Nummer werden alle Daten der Person \u2013 z. B. Max Mustermann \u2013 zugeordnet, f\u00fcr die diese Karte gekauft wird.<br>Nur diese Person kann mit dieser Grabkarte beigesetzt werden.<br>Eine \u00dcbertragung auf eine andere Person ist mit Mehrkosten von 150 \u20ac verbunden.\n                      <\/span>\n                    <\/span>\n                  <\/p>\n                <\/div>\n              <\/div>\n            <\/div>\n          <\/div>\n          <div class=\"u-accordion-item\">\n            <a class=\"u-accordion-link u-active-grey-5 u-border-1 u-border-active-palette-5-dark-2 u-border-hover-palette-5-dark-2 u-border-no-left u-border-no-right u-border-no-top u-border-palette-5-dark-2 u-button-style u-custom-font u-font-lato u-grey-5 u-text-body-color u-accordion-link-7\" id=\"link-accordion-1d88\" aria-controls=\"accordion-1d88\" aria-selected=\"false\">\n              <span class=\"u-accordion-link-text\"><b><i>Wie sieht es mit den Kosten aus?<\/i><\/b>\n              <\/span><span class=\"u-accordion-link-icon u-icon u-icon-circle u-text-palette-1-base u-icon-7\"><svg class=\"u-svg-link\" preserveAspectRatio=\"xMidYMin slice\" viewBox=\"0 0 16 16\" style=\"\"><use xlink:href=\"#svg-834c\"><\/use><\/svg><svg class=\"u-svg-content\" viewBox=\"0 0 16 16\" x=\"0px\" y=\"0px\" id=\"svg-834c\"><path d=\"M8,10.7L1.6,5.3c-0.4-0.4-1-0.4-1.3,0c-0.4,0.4-0.4,0.9,0,1.3l7.2,6.1c0.1,0.1,0.4,0.2,0.6,0.2s0.4-0.1,0.6-0.2l7.1-6\n\tc0.4-0.4,0.4-0.9,0-1.3c-0.4-0.4-1-0.4-1.3,0L8,10.7z\"><\/path><\/svg><\/span>\n            <\/a>\n            <div class=\"u-accordion-pane u-container-style u-expanded-width u-accordion-pane-7\" id=\"accordion-1d88\" aria-labelledby=\"link-accordion-1d88\">\n              <div class=\"u-container-layout u-container-layout-7\">\n                <div class=\"fr-view u-clearfix u-rich-text u-text\">\n                  <p>\n                    <span style=\"line-height: 1.2;\">\n                      <span class=\"u-custom-font u-font-lato\">Das Angebot auf der Seite bezieht sich auf die aktuellen Kosten.<\/span>\n                    <\/span>\n                  <\/p>\n                  <p>\n                    <span class=\"u-custom-font u-font-lato\">\n                      <span style=\"line-height: 1.2;\">Es gibt aber die M\u00f6glichkeit die Grabkarte mit einer G\u00fcltigkeit f\u00fcr die n\u00e4chsten 5 Jahre zu kaufen.<\/span>\n                    <\/span>\n                  <\/p>\n                  <p>\n                    <span style=\"line-height: 1.2;\">\n                      <span class=\"u-custom-font u-font-lato\">Hierbei bezahlt man die aktuellen Kosten und ist somit sicher, dass wenn der Grabplatz in dem Zeitraum genutzt wird, man keine weiteren Zusatzkosten hat, auch wenn die Kosten auf dem Friedhof inzwischen gestiegen sind.<\/span>\n                    <\/span>\n                  <\/p>\n                <\/div>\n              <\/div>\n            <\/div>\n          <\/div>\n          <div class=\"u-accordion-item\">\n            <a class=\"u-accordion-link u-active-grey-5 u-border-1 u-border-active-palette-5-dark-2 u-border-hover-palette-5-dark-2 u-border-no-left u-border-no-right u-border-no-top u-border-palette-5-dark-2 u-button-style u-custom-font u-font-lato u-grey-5 u-text-body-color u-accordion-link-8\" id=\"link-accordion-c849\" aria-controls=\"accordion-c849\" aria-selected=\"false\">\n              <span class=\"u-accordion-link-text\"><b><i>Was ist, wenn man nach der Garantiezeit den Grabplatz erst ben\u00f6tigt?<\/i><\/b>\n              <\/span><span class=\"u-accordion-link-icon u-icon u-icon-circle u-text-palette-1-base u-icon-8\"><svg class=\"u-svg-link\" preserveAspectRatio=\"xMidYMin slice\" viewBox=\"0 0 16 16\" style=\"\"><use xlink:href=\"#svg-8a98\"><\/use><\/svg><svg class=\"u-svg-content\" viewBox=\"0 0 16 16\" x=\"0px\" y=\"0px\" id=\"svg-8a98\"><path d=\"M8,10.7L1.6,5.3c-0.4-0.4-1-0.4-1.3,0c-0.4,0.4-0.4,0.9,0,1.3l7.2,6.1c0.1,0.1,0.4,0.2,0.6,0.2s0.4-0.1,0.6-0.2l7.1-6\n\tc0.4-0.4,0.4-0.9,0-1.3c-0.4-0.4-1-0.4-1.3,0L8,10.7z\"><\/path><\/svg><\/span>\n            <\/a>\n            <div class=\"u-accordion-pane u-container-style u-expanded-width u-accordion-pane-8\" id=\"accordion-c849\" aria-labelledby=\"link-accordion-c849\">\n              <div class=\"u-container-layout u-valign-top u-container-layout-8\">\n                <div class=\"fr-view u-align-left u-clearfix u-rich-text u-text u-text-9\">\n                  <p>\n                    <span class=\"u-custom-font u-font-lato\">Es fallen f\u00fcr jeweils 5 Jahre pauschale Kosten in H\u00f6he von 70 \u20ac an.<\/span>\n                  <\/p>\n                  <p>\n                    <span class=\"u-custom-font u-font-lato\" style=\"font-weight: 700;\">Beispiel:<\/span>\n                    <br>\n                    <span class=\"u-custom-font u-font-lato\">Kartenkauf in 2023 Beisetzung bis 2028 = keine Mehrkosten.<br>Beisetzung &nbsp;in 2035 = 7 Jahre nach 2028 =\n                    <\/span>\n                    <span class=\"u-custom-font u-font-lato\">&nbsp;+ 5 Jahre &nbsp;+ 2 Jahre = 2035<\/span>\n                  <\/p>\n                  <p>\n                    <span class=\"u-custom-font u-font-lato\">Kaufpreis: 290,00 \u20ac &nbsp; \u2013 &nbsp;Nachzahlung: 140,00 \u20ac &nbsp; \u2013 &nbsp; Gesamtpreis: 430,00 \u20ac<\/span>\n                  <\/p>\n                <\/div>\n              <\/div>\n            <\/div>\n          <\/div>\n        <\/div>\n      <\/div>\n    <\/section>\n    \n    \n  \n","protected":false},"excerpt":{"rendered":"<p>faq Kann ich die Totenasche nach Hause bekommen? Mit dem Kauf eines Grabplatzes haben Sie die &nbsp;M\u00f6glichkeit die Asche nach Hause zu bekommen. Hinweis: In Deutschland begeht man damit eine Ordnungswidrigkeit! Mehr Informationen zu diesem Thema finden sie auf dieser Seite:&nbsp; weg4u.de Was kann ich mit der Grabkarte tun? Die Grabkarte bietet Ihnen zudem die &hellip; <a href=\"https:\/\/grabkarte.de\/staging\/faq\/\" class=\"more-link\">Continue reading<span class=\"screen-reader-text\"> &#8220;FAQ&#8221;<\/span><\/a><\/p>\n","protected":false},"author":1,"featured_media":0,"parent":0,"menu_order":2,"comment_status":"closed","ping_status":"closed","template":"","meta":{"footnotes":""},"class_list":["post-2213","page","type-page","status-publish","hentry"],"_links":{"self":[{"href":"https:\/\/grabkarte.de\/staging\/wp-json\/wp\/v2\/pages\/2213"}],"collection":[{"href":"https:\/\/grabkarte.de\/staging\/wp-json\/wp\/v2\/pages"}],"about":[{"href":"https:\/\/grabkarte.de\/staging\/wp-json\/wp\/v2\/types\/page"}],"author":[{"embeddable":true,"href":"https:\/\/grabkarte.de\/staging\/wp-json\/wp\/v2\/users\/1"}],"replies":[{"embeddable":true,"href":"https:\/\/grabkarte.de\/staging\/wp-json\/wp\/v2\/comments?post=2213"}],"version-history":[{"count":25,"href":"https:\/\/grabkarte.de\/staging\/wp-json\/wp\/v2\/pages\/2213\/revisions"}],"predecessor-version":[{"id":2823,"href":"https:\/\/grabkarte.de\/staging\/wp-json\/wp\/v2\/pages\/2213\/revisions\/2823"}],"wp:attachment":[{"href":"https:\/\/grabkarte.de\/staging\/wp-json\/wp\/v2\/media?parent=2213"}],"curies":[{"name":"wp","href":"https:\/\/api.w.org\/{rel}","templated":true}]}}